{"id":5484,"date":"2025-07-15T00:15:06","date_gmt":"2025-07-14T22:15:06","guid":{"rendered":"https:\/\/obieglo.com.pl\/kolekcje\/dla-01\/"},"modified":"2025-09-16T08:29:10","modified_gmt":"2025-09-16T06:29:10","slug":"dla-01","status":"publish","type":"kolekcje","link":"https:\/\/obieglo.com.pl\/en\/kolekcje\/dla-01\/","title":{"rendered":"D\u0142A-01"},"content":{"rendered":"<p>Kolekcja mebli Denali to nowoczesny design z elementami stylu industrialnego.<br \/>\nPo\u0142\u0105czenie naturalnego dekoru D\u0119bu Artisan z g\u0142adkim odcieniem Grafitu doskonale wpisuje si\u0119 w aktualne trendy. Ciekawymi akcentami , kt\u00f3re wyr\u00f3\u017cniaj\u0105 kolekcj\u0119\u00a0 s\u0105 naro\u017cne przeszklenia witryn oraz d\u0142ugie , \u00a0metalowe uchwyty w kolorze czarny mat.\u00a0 Komfort u\u017cytkowania zapewni\u0105 zastosowane akcesoria meblowe takie jak zawiasy i prowadnice z cichym domykiem .<\/p>","protected":false},"excerpt":{"rendered":"<p>Kolekcja mebli Denali to nowoczesny design z elementami stylu industrialnego. Po\u0142\u0105czenie naturalnego dekoru D\u0119bu Artisan z g\u0142adkim odcieniem Grafitu doskonale wpisuje si\u0119 w aktualne trendy. Ciekawymi akcentami , kt\u00f3re wyr\u00f3\u017cniaj\u0105 kolekcj\u0119\u00a0 s\u0105 naro\u017cne przeszklenia witryn oraz d\u0142ugie , \u00a0metalowe uchwyty w kolorze czarny mat.\u00a0 Komfort u\u017cytkowania zapewni\u0105 zastosowane akcesoria meblowe takie jak zawiasy i prowadnice<\/p>","protected":false},"author":1,"featured_media":5486,"menu_order":0,"comment_status":"closed","ping_status":"closed","template":"","format":"standard","meta":{"inline_featured_image":false,"footnotes":""},"kategoria_kolekcji":[43],"class_list":["post-5484","kolekcje","type-kolekcje","status-publish","format-standard","has-post-thumbnail","hentry","kategoria_kolekcji-denali"],"yoast_head":"<!-- This site is optimized with the Yoast SEO Premium plugin v26.1 (Yoast SEO v26.1) - https:\/\/yoast.com\/wordpress\/plugins\/seo\/ -->\n<title>D\u0142A-01 - MEBLE OBIEG\u0141O<\/title>\n<meta name=\"robots\" content=\"index, follow, max-snippet:-1, max-image-preview:large, max-video-preview:-1\" \/>\n<link rel=\"canonical\" href=\"https:\/\/obieglo.com.pl\/en\/kolekcje\/dla-01\/\" \/>\n<meta property=\"og:locale\" content=\"en_GB\" \/>\n<meta property=\"og:type\" content=\"article\" \/>\n<meta property=\"og:title\" content=\"D\u0142A-01\" \/>\n<meta property=\"og:description\" content=\"Kolekcja mebli Denali to nowoczesny design z elementami stylu industrialnego. Po\u0142\u0105czenie naturalnego dekoru D\u0119bu Artisan z g\u0142adkim odcieniem Grafitu doskonale wpisuje si\u0119 w aktualne trendy. Ciekawymi akcentami , kt\u00f3re wyr\u00f3\u017cniaj\u0105 kolekcj\u0119\u00a0 s\u0105 naro\u017cne przeszklenia witryn oraz d\u0142ugie , \u00a0metalowe uchwyty w kolorze czarny mat.\u00a0 Komfort u\u017cytkowania zapewni\u0105 zastosowane akcesoria meblowe takie jak zawiasy i prowadnice\" \/>\n<meta property=\"og:url\" content=\"https:\/\/obieglo.com.pl\/en\/kolekcje\/dla-01\/\" \/>\n<meta property=\"og:site_name\" content=\"MEBLE OBIEG\u0141O\" \/>\n<meta property=\"article:modified_time\" content=\"2025-09-16T06:29:10+00:00\" \/>\n<meta property=\"og:image\" content=\"https:\/\/obieglo.com.pl\/wp-content\/uploads\/2025\/07\/DLA-01_low-1.jpg\" \/>\n\t<meta property=\"og:image:width\" content=\"1024\" \/>\n\t<meta property=\"og:image:height\" content=\"682\" \/>\n\t<meta property=\"og:image:type\" content=\"image\/jpeg\" \/>\n<meta name=\"twitter:card\" content=\"summary_large_image\" \/>\n<script type=\"application\/ld+json\" class=\"yoast-schema-graph\">{\"@context\":\"https:\/\/schema.org\",\"@graph\":[{\"@type\":\"WebPage\",\"@id\":\"https:\/\/obieglo.com.pl\/kolekcje\/dla-01\/\",\"url\":\"https:\/\/obieglo.com.pl\/kolekcje\/dla-01\/\",\"name\":\"D\u0142A-01 - MEBLE OBIEG\u0141O\",\"isPartOf\":{\"@id\":\"https:\/\/obieglo.com.pl\/#website\"},\"primaryImageOfPage\":{\"@id\":\"https:\/\/obieglo.com.pl\/kolekcje\/dla-01\/#primaryimage\"},\"image\":{\"@id\":\"https:\/\/obieglo.com.pl\/kolekcje\/dla-01\/#primaryimage\"},\"thumbnailUrl\":\"https:\/\/obieglo.com.pl\/wp-content\/uploads\/2025\/07\/DLA-01_low-1.jpg\",\"datePublished\":\"2025-07-14T22:15:06+00:00\",\"dateModified\":\"2025-09-16T06:29:10+00:00\",\"breadcrumb\":{\"@id\":\"https:\/\/obieglo.com.pl\/kolekcje\/dla-01\/#breadcrumb\"},\"inLanguage\":\"en-GB\",\"potentialAction\":[{\"@type\":\"ReadAction\",\"target\":[\"https:\/\/obieglo.com.pl\/kolekcje\/dla-01\/\"]}]},{\"@type\":\"ImageObject\",\"inLanguage\":\"en-GB\",\"@id\":\"https:\/\/obieglo.com.pl\/kolekcje\/dla-01\/#primaryimage\",\"url\":\"https:\/\/obieglo.com.pl\/wp-content\/uploads\/2025\/07\/DLA-01_low-1.jpg\",\"contentUrl\":\"https:\/\/obieglo.com.pl\/wp-content\/uploads\/2025\/07\/DLA-01_low-1.jpg\",\"width\":1024,\"height\":682},{\"@type\":\"BreadcrumbList\",\"@id\":\"https:\/\/obieglo.com.pl\/kolekcje\/dla-01\/#breadcrumb\",\"itemListElement\":[{\"@type\":\"ListItem\",\"position\":1,\"name\":\"Strona g\u0142\u00f3wna\",\"item\":\"https:\/\/obieglo.com.pl\/\"},{\"@type\":\"ListItem\",\"position\":2,\"name\":\"Produkty\",\"item\":\"https:\/\/obieglo.com.pl\/kolekcje\/\"},{\"@type\":\"ListItem\",\"position\":3,\"name\":\"D\u0142A-01\"}]},{\"@type\":\"WebSite\",\"@id\":\"https:\/\/obieglo.com.pl\/#website\",\"url\":\"https:\/\/obieglo.com.pl\/\",\"name\":\"MEBLE OBIEG\u0141O\",\"description\":\"\",\"publisher\":{\"@id\":\"https:\/\/obieglo.com.pl\/#organization\"},\"potentialAction\":[{\"@type\":\"SearchAction\",\"target\":{\"@type\":\"EntryPoint\",\"urlTemplate\":\"https:\/\/obieglo.com.pl\/?s={search_term_string}\"},\"query-input\":{\"@type\":\"PropertyValueSpecification\",\"valueRequired\":true,\"valueName\":\"search_term_string\"}}],\"inLanguage\":\"en-GB\"},{\"@type\":\"Organization\",\"@id\":\"https:\/\/obieglo.com.pl\/#organization\",\"name\":\"MEBLE OBIEG\u0141O\",\"url\":\"https:\/\/obieglo.com.pl\/\",\"logo\":{\"@type\":\"ImageObject\",\"inLanguage\":\"en-GB\",\"@id\":\"https:\/\/obieglo.com.pl\/#\/schema\/logo\/image\/\",\"url\":\"https:\/\/obieglo.com.pl\/wp-content\/uploads\/2025\/06\/OBIEGLO_LOGO_KOLOR_CZARNY.png\",\"contentUrl\":\"https:\/\/obieglo.com.pl\/wp-content\/uploads\/2025\/06\/OBIEGLO_LOGO_KOLOR_CZARNY.png\",\"width\":262,\"height\":72,\"caption\":\"MEBLE OBIEG\u0141O\"},\"image\":{\"@id\":\"https:\/\/obieglo.com.pl\/#\/schema\/logo\/image\/\"}}]}<\/script>\n<!-- \/ Yoast SEO Premium plugin. -->","yoast_head_json":{"title":"D\u0142A-01 - MEBLE OBIEG\u0141O","robots":{"index":"index","follow":"follow","max-snippet":"max-snippet:-1","max-image-preview":"max-image-preview:large","max-video-preview":"max-video-preview:-1"},"canonical":"https:\/\/obieglo.com.pl\/en\/kolekcje\/dla-01\/","og_locale":"en_GB","og_type":"article","og_title":"D\u0142A-01","og_description":"Kolekcja mebli Denali to nowoczesny design z elementami stylu industrialnego. Po\u0142\u0105czenie naturalnego dekoru D\u0119bu Artisan z g\u0142adkim odcieniem Grafitu doskonale wpisuje si\u0119 w aktualne trendy. Ciekawymi akcentami , kt\u00f3re wyr\u00f3\u017cniaj\u0105 kolekcj\u0119\u00a0 s\u0105 naro\u017cne przeszklenia witryn oraz d\u0142ugie , \u00a0metalowe uchwyty w kolorze czarny mat.\u00a0 Komfort u\u017cytkowania zapewni\u0105 zastosowane akcesoria meblowe takie jak zawiasy i prowadnice","og_url":"https:\/\/obieglo.com.pl\/en\/kolekcje\/dla-01\/","og_site_name":"MEBLE OBIEG\u0141O","article_modified_time":"2025-09-16T06:29:10+00:00","og_image":[{"width":1024,"height":682,"url":"https:\/\/obieglo.com.pl\/wp-content\/uploads\/2025\/07\/DLA-01_low-1.jpg","type":"image\/jpeg"}],"twitter_card":"summary_large_image","schema":{"@context":"https:\/\/schema.org","@graph":[{"@type":"WebPage","@id":"https:\/\/obieglo.com.pl\/kolekcje\/dla-01\/","url":"https:\/\/obieglo.com.pl\/kolekcje\/dla-01\/","name":"D\u0142A-01 - MEBLE OBIEG\u0141O","isPartOf":{"@id":"https:\/\/obieglo.com.pl\/#website"},"primaryImageOfPage":{"@id":"https:\/\/obieglo.com.pl\/kolekcje\/dla-01\/#primaryimage"},"image":{"@id":"https:\/\/obieglo.com.pl\/kolekcje\/dla-01\/#primaryimage"},"thumbnailUrl":"https:\/\/obieglo.com.pl\/wp-content\/uploads\/2025\/07\/DLA-01_low-1.jpg","datePublished":"2025-07-14T22:15:06+00:00","dateModified":"2025-09-16T06:29:10+00:00","breadcrumb":{"@id":"https:\/\/obieglo.com.pl\/kolekcje\/dla-01\/#breadcrumb"},"inLanguage":"en-GB","potentialAction":[{"@type":"ReadAction","target":["https:\/\/obieglo.com.pl\/kolekcje\/dla-01\/"]}]},{"@type":"ImageObject","inLanguage":"en-GB","@id":"https:\/\/obieglo.com.pl\/kolekcje\/dla-01\/#primaryimage","url":"https:\/\/obieglo.com.pl\/wp-content\/uploads\/2025\/07\/DLA-01_low-1.jpg","contentUrl":"https:\/\/obieglo.com.pl\/wp-content\/uploads\/2025\/07\/DLA-01_low-1.jpg","width":1024,"height":682},{"@type":"BreadcrumbList","@id":"https:\/\/obieglo.com.pl\/kolekcje\/dla-01\/#breadcrumb","itemListElement":[{"@type":"ListItem","position":1,"name":"Strona g\u0142\u00f3wna","item":"https:\/\/obieglo.com.pl\/"},{"@type":"ListItem","position":2,"name":"Produkty","item":"https:\/\/obieglo.com.pl\/kolekcje\/"},{"@type":"ListItem","position":3,"name":"D\u0142A-01"}]},{"@type":"WebSite","@id":"https:\/\/obieglo.com.pl\/#website","url":"https:\/\/obieglo.com.pl\/","name":"MEBLE OBIEG\u0141O","description":"","publisher":{"@id":"https:\/\/obieglo.com.pl\/#organization"},"potentialAction":[{"@type":"SearchAction","target":{"@type":"EntryPoint","urlTemplate":"https:\/\/obieglo.com.pl\/?s={search_term_string}"},"query-input":{"@type":"PropertyValueSpecification","valueRequired":true,"valueName":"search_term_string"}}],"inLanguage":"en-GB"},{"@type":"Organization","@id":"https:\/\/obieglo.com.pl\/#organization","name":"MEBLE OBIEG\u0141O","url":"https:\/\/obieglo.com.pl\/","logo":{"@type":"ImageObject","inLanguage":"en-GB","@id":"https:\/\/obieglo.com.pl\/#\/schema\/logo\/image\/","url":"https:\/\/obieglo.com.pl\/wp-content\/uploads\/2025\/06\/OBIEGLO_LOGO_KOLOR_CZARNY.png","contentUrl":"https:\/\/obieglo.com.pl\/wp-content\/uploads\/2025\/06\/OBIEGLO_LOGO_KOLOR_CZARNY.png","width":262,"height":72,"caption":"MEBLE OBIEG\u0141O"},"image":{"@id":"https:\/\/obieglo.com.pl\/#\/schema\/logo\/image\/"}}]}},"_links":{"self":[{"href":"https:\/\/obieglo.com.pl\/en\/wp-json\/wp\/v2\/kolekcje\/5484","targetHints":{"allow":["GET"]}}],"collection":[{"href":"https:\/\/obieglo.com.pl\/en\/wp-json\/wp\/v2\/kolekcje"}],"about":[{"href":"https:\/\/obieglo.com.pl\/en\/wp-json\/wp\/v2\/types\/kolekcje"}],"author":[{"embeddable":true,"href":"https:\/\/obieglo.com.pl\/en\/wp-json\/wp\/v2\/users\/1"}],"replies":[{"embeddable":true,"href":"https:\/\/obieglo.com.pl\/en\/wp-json\/wp\/v2\/comments?post=5484"}],"version-history":[{"count":1,"href":"https:\/\/obieglo.com.pl\/en\/wp-json\/wp\/v2\/kolekcje\/5484\/revisions"}],"predecessor-version":[{"id":6104,"href":"https:\/\/obieglo.com.pl\/en\/wp-json\/wp\/v2\/kolekcje\/5484\/revisions\/6104"}],"wp:featuredmedia":[{"embeddable":true,"href":"https:\/\/obieglo.com.pl\/en\/wp-json\/wp\/v2\/media\/5486"}],"wp:attachment":[{"href":"https:\/\/obieglo.com.pl\/en\/wp-json\/wp\/v2\/media?parent=5484"}],"wp:term":[{"taxonomy":"kategoria_kolekcji","embeddable":true,"href":"https:\/\/obieglo.com.pl\/en\/wp-json\/wp\/v2\/kategoria_kolekcji?post=5484"}],"curies":[{"name":"wp","href":"https:\/\/api.w.org\/{rel}","templated":true}]}}

DłA-01

<p>Kolekcja mebli Denali to nowoczesny design z elementami stylu industrialnego.<br />
Połączenie naturalnego dekoru Dębu Artisan z gładkim odcieniem Grafitu doskonale wpisuje się w aktualne trendy. Ciekawymi akcentami , które wyróżniają kolekcję  są narożne przeszklenia witryn oraz długie ,  metalowe uchwyty w kolorze czarny mat.  Komfort użytkowania zapewnią zastosowane akcesoria meblowe takie jak zawiasy i prowadnice z cichym domykiem .</p>

<p>Kolekcja mebli Denali to nowoczesny design z elementami stylu industrialnego. Połączenie naturalnego dekoru Dębu Artisan z gładkim odcieniem Grafitu doskonale wpisuje się w aktualne trendy. Ciekawymi akcentami , które wyróżniają kolekcję  są narożne przeszklenia witryn oraz długie ,  metalowe uchwyty w kolorze czarny mat.  Komfort użytkowania zapewnią zastosowane akcesoria meblowe takie jak zawiasy i prowadnice</p>

<!-- This site is optimized with the Yoast SEO Premium plugin v26.1 (Yoast SEO v26.1) - https://yoast.com/wordpress/plugins/seo/ -->
<title>DłA-01 - MEBLE OBIEGŁO</title>
<meta name="robots" content="index, follow, max-snippet:-1, max-image-preview:large, max-video-preview:-1" />
<link rel="canonical" href="https://obieglo.com.pl/en/kolekcje/dla-01/" />
<meta property="og:locale" content="en_GB" />
<meta property="og:type" content="article" />
<meta property="og:title" content="DłA-01" />
<meta property="og:description" content="Kolekcja mebli Denali to nowoczesny design z elementami stylu industrialnego. Połączenie naturalnego dekoru Dębu Artisan z gładkim odcieniem Grafitu doskonale wpisuje się w aktualne trendy. Ciekawymi akcentami , które wyróżniają kolekcję  są narożne przeszklenia witryn oraz długie ,  metalowe uchwyty w kolorze czarny mat.  Komfort użytkowania zapewnią zastosowane akcesoria meblowe takie jak zawiasy i prowadnice" />
<meta property="og:url" content="https://obieglo.com.pl/en/kolekcje/dla-01/" />
<meta property="og:site_name" content="MEBLE OBIEGŁO" />
<meta property="article:modified_time" content="2025-09-16T06:29:10+00:00" />
<meta property="og:image" content="https://obieglo.com.pl/wp-content/uploads/2025/07/DLA-01_low-1.jpg" />
	<meta property="og:image:width" content="1024" />
	<meta property="og:image:height" content="682" />
	<meta property="og:image:type" content="image/jpeg" />
<meta name="twitter:card" content="summary_large_image" />
<script type="application/ld+json" class="yoast-schema-graph">{"@context":"https://schema.org","@graph":[{"@type":"WebPage","@id":"https://obieglo.com.pl/kolekcje/dla-01/","url":"https://obieglo.com.pl/kolekcje/dla-01/","name":"DłA-01 - MEBLE OBIEGŁO","isPartOf":{"@id":"https://obieglo.com.pl/#website"},"primaryImageOfPage":{"@id":"https://obieglo.com.pl/kolekcje/dla-01/#primaryimage"},"image":{"@id":"https://obieglo.com.pl/kolekcje/dla-01/#primaryimage"},"thumbnailUrl":"https://obieglo.com.pl/wp-content/uploads/2025/07/DLA-01_low-1.jpg","datePublished":"2025-07-14T22:15:06+00:00","dateModified":"2025-09-16T06:29:10+00:00","breadcrumb":{"@id":"https://obieglo.com.pl/kolekcje/dla-01/#breadcrumb"},"inLanguage":"en-GB","potentialAction":[{"@type":"ReadAction","target":["https://obieglo.com.pl/kolekcje/dla-01/"]}]},{"@type":"ImageObject","inLanguage":"en-GB","@id":"https://obieglo.com.pl/kolekcje/dla-01/#primaryimage","url":"https://obieglo.com.pl/wp-content/uploads/2025/07/DLA-01_low-1.jpg","contentUrl":"https://obieglo.com.pl/wp-content/uploads/2025/07/DLA-01_low-1.jpg","width":1024,"height":682},{"@type":"BreadcrumbList","@id":"https://obieglo.com.pl/kolekcje/dla-01/#breadcrumb","itemListElement":[{"@type":"ListItem","position":1,"name":"Strona główna","item":"https://obieglo.com.pl/"},{"@type":"ListItem","position":2,"name":"Produkty","item":"https://obieglo.com.pl/kolekcje/"},{"@type":"ListItem","position":3,"name":"DłA-01"}]},{"@type":"WebSite","@id":"https://obieglo.com.pl/#website","url":"https://obieglo.com.pl/","name":"MEBLE OBIEGŁO","description":"","publisher":{"@id":"https://obieglo.com.pl/#organization"},"potentialAction":[{"@type":"SearchAction","target":{"@type":"EntryPoint","urlTemplate":"https://obieglo.com.pl/?s={search_term_string}"},"query-input":{"@type":"PropertyValueSpecification","valueRequired":true,"valueName":"search_term_string"}}],"inLanguage":"en-GB"},{"@type":"Organization","@id":"https://obieglo.com.pl/#organization","name":"MEBLE OBIEGŁO","url":"https://obieglo.com.pl/","logo":{"@type":"ImageObject","inLanguage":"en-GB","@id":"https://obieglo.com.pl/#/schema/logo/image/","url":"https://obieglo.com.pl/wp-content/uploads/2025/06/OBIEGLO_LOGO_KOLOR_CZARNY.png","contentUrl":"https://obieglo.com.pl/wp-content/uploads/2025/06/OBIEGLO_LOGO_KOLOR_CZARNY.png","width":262,"height":72,"caption":"MEBLE OBIEGŁO"},"image":{"@id":"https://obieglo.com.pl/#/schema/logo/image/"}}]}</script>
<!-- / Yoast SEO Premium plugin. -->

DłA-01 - MEBLE OBIEGŁO

Kolekcja mebli Denali to nowoczesny design z elementami stylu industrialnego. Połączenie naturalnego dekoru Dębu Artisan z gładkim odcieniem Grafitu doskonale wpisuje się w aktualne trendy. Ciekawymi akcentami , które wyróżniają kolekcję  są narożne przeszklenia witryn oraz długie ,  metalowe uchwyty w kolorze czarny mat.  Komfort użytkowania zapewnią zastosowane akcesoria meblowe takie jak zawiasy i prowadnice

MEBLE OBIEGŁO

Strona główna
